q + 7. Determine o(1).
52
Let z(o) = 47*o**3 + 990*o**2 + 29*o - 687. Determine z(-21).
27
Let u(d) = -d**3 + 82*d**2 - 666*d - 3890. Determine u(72).
-2
Let r(l) = l**3 + 48*l**2 + 440*l - 245. Calculate r(-36).
-533
Let s(g) = g**3 - 261*g**2 + 11533*g - 10857. Give s(205).
8
Let x(w) = 457*w + 244. Determine x(-2).
-670
Let a(q) = 426*q**3 - 106*q**2 + 15*q - 24. What is a(2)?
2990
Let n(d) = 10*d**3 + 8516*d**2 + 8522*d + 7. Determine n(-1).
-9
Let s(o) = -8507*o - 59418. Determine s(-7).
131
Let g(j) = 138*j + 7541. What is g(-64)?
-1291
Let d(u) = 630*u**2 + 18912*u + 371. What is d(-30)?
11
Let i(c) = -136576*c - 7238512. Give i(-53).
16
Let c(d) = 4*d**3 - 28*d**2 + 88*d - 969. Give c(8).
-9
Let j(i) = 163*i**2 + 14872*i + 3569. Give j(-91).
20
Let n(w) = -81*w**2 - 650*w - 28. Give n(-8).
-12
Let j(p) = -p**3 + 178*p**2 - 6911*p + 655. Determine j(57).
-143
Let j(h) = 475*h + 26586. What is j(-54)?
936
Let x(q) = q**3 + 95*q**2 + 977*q - 1520. What is x(-83)?
57
Let j(x) = -2*x**3 + 100*x**2 - 603*x - 13267. Determine j(37).
16
Let t(u) = -12187*u - 219365. Determine t(-18).
1
Let k(r) = -461*r - 8398. Calculate k(-19).
361
Let k(g) = g**3 + 28*g**2 - 1728*g + 450. Determine k(30).
810
Let p(z) = 346*z - 64676. Calculate p(187).
26
Let k(s) = -23*s**3 - 236*s**2 - 13*s - 321. Determine k(-10).
-791
Let k(q) = 4*q**2 + 7*q + 1168. What is k(17)?
2443
Let r(w) = 23863*w - 739746. Determine r(31).
7
Let a(u) = -9623*u + 48013. Give a(5).
-102
Let v(p) = 1061*p + 195227. What is v(-184)?
3
Let g(x) = 3133*x + 2974. Determine g(-1).
-159
Let s(w) = 3*w**2 - 48*w - 47. Give s(25).
628
Let k(i) = -i**3 + 32*i**2 + 1680*i - 59. Determine k(60).
-59
Let p(j) = -2*j**3 + 24*j**2 - 9*j - 359. Give p(10).
-49
Let j(i) = 466*i - 4886. Calculate j(11).
240
Let u(o) = 37869*o - 2612916. Calculate u(69).
45
Let a(j) = -20*j**3 - 18*j**2 - 96*j - 185. Calculate a(-3).
481
Let i(m) = 52*m**3 - 310*m**2 - 584*m + 3431. Determine i(6).
-1
Let g(o) = -1448*o - 558896. What is g(-386)?
32
Let f(l) = 96*l**3 - 10948*l**2 + 459*l - 374. Determine f(114).
-32
Let x(d) = 5*d**2 + 288*d - 600. Determine x(-61).
437
Let f(c) = -1683*c - 13240. Determine f(-8).
224
Let u(j) = j**3 + 136*j**2 - 291*j - 1932. Determine u(-138).
138
Let o(v) = -2*v**2 - 43*v + 6515. Calculate o(-69).
-40
Let v(w) = -4*w**2 - 240*w + 1433. Determine v(-67).
-443
Let u(i) = 2*i**3 + 213*i**2 - 770*i + 4. Determine u(-110).
4
Let k(i) = 363*i + 166229. Give k(-458).
-25
Let q(x) = 3*x**3 - 38*x**2 - 3*x - 563. Determine q(14).
179
Let d(u) = u**3 - 50*u**2 - 609*u - 8340. What is d(62)?
30
Let s(p) = -3332*p - 6721. Give s(-2).
-57
Let u(l) = 2*l**3 + 546*l**2 + 4857*l + 16. Give u(-9).
-929
Let t(w) = 411861*w - 3706757. What is t(9)?
-8
Let q(a) = a**2 + 639*a + 90378. Give q(-211).
70
Let r(b) = -b**2 - 433*b + 531491. Give r(544).
3
Let o(u) = u**3 + 308*u**2 + 7391*u + 16662. Calculate o(-282).
24
Let n(y) = y**3 - 319*y**2 + 2787*y + 349. Calculate n(310).
-581
Let o(j) = 412*j**2 - 52735*j - 271. Determine o(128).
-143
Let y(d) = 6074*d + 103241. Determine y(-17).
-17
Let w(u) = 179*u + 1734. Give w(-3).
1197
Let l(g) = -g**3 + 18*g**2 + 43*g - 1477. Calculate l(17).
-457
Let s(w) = w**2 - 30012*w + 150038. What is s(5)?
3
Let k(n) = 7975*n - 334954. What is k(42)?
-4
Let f(x) = -12157*x + 243139. Determine f(20).
-1
Let s(u) = 199936*u + 12595969. What is s(-63)?
1
Let f(q) = 18*q**2 + 130175*q + 260348. Give f(-2).
70
Let c(a) = -a**2 + 187*a - 3234. What is c(19)?
-42
Let w(j) = 2345*j - 2348. Give w(1).
-3
Let b(m) = 137*m**2 + 531*m - 2. Determine b(-4).
66
Let j(w) = 29*w**2 + 213*w - 499. Give j(-9).
-67
Let k(o) = o**3 + 2489*o**2 - 194933*o - 538. Give k(76).
-6
Let z(d) = -21*d**2 - 477*d + 42. Give z(-25).
-1158
Let h(f) = -2*f**3 + 31*f**2 + 101*f - 21. Give h(18).
177
Let y(g) = g**2 - 1785*g - 381985. Determine y(-193).
-231
Let u(x) = -1650*x**2 - 825006*x - 3008. Determine u(-500).
-8
Let a(d) = 1881*d**2 - 13121*d + 12. Give a(7).
334
Let j(v) = v**2 + 98*v - 791. Determine j(8).
57
Let p(i) = 1132*i - 41763. Calculate p(37).
121
Let l(a) = 2*a**2 + 211*a + 1038. Determine l(-105).
933
Let z(a) = -130*a + 5539. Calculate z(34).
1119
Let n(s) = s**3 + 194*s**2 + 1033*s + 16709. Determine n(-189).
77
Let j(h) = -82602*h + 21393915. Give j(259).
-3
Let k(w) = -82842*w - 165674. Determine k(-2).
10
Let p(i) = -63*i**2 - 654*i + 50593. Give p(-34).
1
Let u(p) = -7*p**3 + p**2 + 75052*p - 75053. Determine u(1).
-7
Let d(t) = -t**3 + 97*t**2 + 1358*t + 596. Determine d(-12).
-4
Let i(o) = -30*o**2 + 2388*o - 7177. Give i(3).
-283
Let a(n) = 859*n**2 - 2*n - 219. Determine a(0).
-219
Let x(r) = -19*r**3 - 2182*r**2 + 344*r - 96. Determine x(-115).
19
Let h(r) = 25*r**3 + 24658*r**2 + 7883*r - 4944. What is h(-986)?
-14
Let i(b) = 20579*b + 514471. Calculate i(-25).
-4
Let v(a) = -7*a**3 - 227*a**2 - 1085*a + 2215. Calculate v(-26).
5
Let d(z) = -z**3 + 1016*z**2 - 3022*z - 50. Calculate d(3).
1
Let y(x) = 92*x**2 + 4334*x - 804. Give y(-48).
3132
Let y(g) = -210*g**3 - 122008*g**2 + 1140*g - 12789. Determine y(-581).
-7
Let f(t) = 3*t**2 - 2032*t - 19923. Give f(687).
0
Let v(b) = -1782*b - 826855. Calculate v(-464).
-7
Let w(p) = -2417814*p - 36267213. Give w(-15).
-3
Let z(p) = 6*p**3 - 116*p**2 - 357*p + 550. Give z(-4).
-262
Let y(v) = v**3 - 55*v**2 - 1470*v + 77211. What is y(57)?
-81
Let g(s) = -2*s**2 + 5*s + 679. Determine g(-19).
-138
Let q(g) = -103*g + 807. What is q(-3)?
1116
Let n(k) = k**3 + 55928*k**2 - 391544*k + 13. Calculate n(7).
20
Let r(u) = 3*u**2 - 1097*u + 78993. Determine r(267).
-39
Let p(x) = -14*x**2 + 372*x + 561. What is p(28)?
1
Let k(p) = 2042*p + 20561. Give k(-10).
141
Let l(f) = 69*f - 3876. Determine l(55).
-81
Let d(b) = 14*b**2 + 1108*b + 752. Calculate d(-78).
-496
Let m(t) = 3*t**3 + 221*t**2 - 68*t - 879. Calculate m(-74).
-1323
Let s(i) = 7*i**2 - 375*i - 110047. Calculate s(155).
3
Let m(x) = 10*x**3 + 35*x**2 - 392*x + 347. Give m(1).
0
Let b(d) = -14*d**3 - 8586*d**2 - 19552*d - 4. Give b(-611).
-4
Let q(y) = -2*y**2 - 294*y - 6684. Calculate q(-27).
-204
Let s(m) = 6*m**2 - 870*m + 4322. What is s(5)?
122
Let h(g) = -4*g**3 + 31*g**2 - 2197*g + 17616. Determine h(8).
-24
Let i(j) = 77*j**2 - 124*j + 642. Determine i(6).
2670
Let c(g) = 10540*g - 9802204. Determine c(930).
-4
Let a(b) = -171*b - 34547. Give a(-194).
-1373
Let h(t) = t**3 - 181*t**2 + 2503*t - 2245. What is h(166)?
-87
Let r(f) = -21*f**2 + 575*f - 183. Give r(21).
2631
Let g(x) = -1122*x + 148091. What is g(132)?
-13
Let v(b) = -b**2 + 16651*b + 30. Determine v(0).
30
Let r(z) = -491*z - 2798. Determine r(-6).
148
Let n(f) = -2*f**3 + 323*f**2 + 4348*f + 293. Determine n(174).
-55
Let n(x) = x**2 - 252*x - 4931. Give n(-18).
-71
Let n(x) = -17758*x + 124294. Give n(7).
-12
Let m(f) = -2*f**3 + 434*f**2 + f - 451. What is m(217)?
-234
Let z(n) = 1394338*n - 11154715. Determine z(8).
-11
Let t(w) = 1727*w + 768516. Determine t(-445).
1
Let s(f) = -330*f + 28050. Calculate s(86).
-330
Let t(a) = -94741*a + 1042141. Determine t(11).
-10
Let h(s) = -8*s**2 - 604*s + 3317. Determine h(5).
97
Let y(g) = 3*g**3 + 312*g**2 + 306*g - 343. Give y(-103).
-34
Let u(v) = 3*v**3 + 114*v**2 - 1615*v + 264. Determine u(-49).
166
Let k(i) = -i**3 + 509*i**2 - 347*i - 81892. Calculate k(508).
-104
Let h(r) = r**3 + 266*r**2 - 1299*r - 292. Give h(5).
-12
Let z(q) = -5764*q - 478507. Determine z(-83).
-95
Let x(v) = -11*v**2 + 224*v - 414. Calculate x(2).
-10
Let n(q) = 6*q**2 + 407*q + 5903. Calculate n(-21).
2
Let z(t) = 227*t + 4411. Calculate z(-13).
1460
Let l(r) = r**3 - 216*r**2 - 3*r + 786. Give l(216).
138
Let o(r) = -2380*r - 112271. What is o(-47)?
-411
Let n(i) = -33*i**3 + 215*i**2 - 251*i + 16. Give n(5).
11
Let c(r) = 2*r**2 + 4055*r + 24341. Calculate c(-6).
83
Let m(y) = 5582*y + 38416. What is m(-7)?
-658
Let z(p) = -3013*p - 16048. Calculate z(-4).
-3996
Let g(p) = 25*p**2 - 5699*p + 5449. What is g(227)?
1
Let v(l) = -2*l**3 + 11*l**2 - 348*l + 1361. What is v(4)?
17
Let d(z) = -40*z + 4794. Determine d(115).
194
Let c(w) = w**2 - 8247*w - 15675111. Give c(-1593).
9
Let y(b) = -b**3 + 57*b**2 - 855*b + 699. Determine y(29).
-548
Let f(d) = 63*d**2 - 136